{"version":"1.0","provider_name":"Museo Grigio","provider_url":"https:\/\/www.museogrigio.it\/wp","author_name":"mgblogger","author_url":"https:\/\/www.museogrigio.it\/wp\/author\/mgblogger\/","title":"Il ritorno del dottor Testa - Museo Grigio","type":"rich","width":600,"height":338,"html":"<blockquote class=\"wp-embedded-content\" data-secret=\"ALeQiBsPdI\"><a href=\"https:\/\/www.museogrigio.it\/wp\/il-ritorno-del-dottor-testa\/\">Il ritorno del dottor Testa<\/a><\/blockquote><iframe sandbox=\"allow-scripts\" security=\"restricted\" src=\"https:\/\/www.museogrigio.it\/wp\/il-ritorno-del-dottor-testa\/embed\/#?secret=ALeQiBsPdI\" width=\"600\" height=\"338\" title=\"&#8220;Il ritorno del dottor Testa&#8221; &#8212; Museo Grigio\" data-secret=\"ALeQiBsPdI\" frameborder=\"0\" marginwidth=\"0\" marginheight=\"0\" scrolling=\"no\" class=\"wp-embedded-content\"><\/iframe><script type=\"text\/javascript\">\n\/* <![CDATA[ *\/\n\/*! This file is auto-generated *\/\n!function(d,l){\"use strict\";l.querySelector&&d.addEventListener&&\"undefined\"!=typeof URL&&(d.wp=d.wp||{},d.wp.receiveEmbedMessage||(d.wp.receiveEmbedMessage=function(e){var t=e.data;if((t||t.secret||t.message||t.value)&&!\/[^a-zA-Z0-9]\/.test(t.secret)){for(var s,r,n,a=l.querySelectorAll('iframe[data-secret=\"'+t.secret+'\"]'),o=l.querySelectorAll('blockquote[data-secret=\"'+t.secret+'\"]'),c=new RegExp(\"^https?:$\",\"i\"),i=0;i<o.length;i++)o[i].style.display=\"none\";for(i=0;i<a.length;i++)s=a[i],e.source===s.contentWindow&&(s.removeAttribute(\"style\"),\"height\"===t.message?(1e3<(r=parseInt(t.value,10))?r=1e3:~~r<200&&(r=200),s.height=r):\"link\"===t.message&&(r=new URL(s.getAttribute(\"src\")),n=new URL(t.value),c.test(n.protocol))&&n.host===r.host&&l.activeElement===s&&(d.top.location.href=t.value))}},d.addEventListener(\"message\",d.wp.receiveEmbedMessage,!1),l.addEventListener(\"DOMContentLoaded\",function(){for(var e,t,s=l.querySelectorAll(\"iframe.wp-embedded-content\"),r=0;r<s.length;r++)(t=(e=s[r]).getAttribute(\"data-secret\"))||(t=Math.random().toString(36).substring(2,12),e.src+=\"#?secret=\"+t,e.setAttribute(\"data-secret\",t)),e.contentWindow.postMessage({message:\"ready\",secret:t},\"*\")},!1)))}(window,document);\n\/\/# sourceURL=https:\/\/www.museogrigio.it\/wp\/wp-includes\/js\/wp-embed.min.js\n\/* ]]> *\/\n<\/script>\n","description":"Fino ad oggi nell\u2019organigramma della FC Alessandria rimaneva vuota la casella relativa al medico sociale. Da ora quella casella \u00e8 occupata dal prestigioso nome del dr. Silvio Testa che torna cos\u00ec nel settore sanitario dei Grigi. Alessandrino, gi\u00e0 primario di Chirurgia Generale all\u2019Ospedale di Vercelli e presidente della societ\u00e0 piemontese di Chirurgia, il dr. Testa [&hellip;]","thumbnail_url":"https:\/\/www.museogrigio.it\/wp\/wp-content\/uploads\/2024\/09\/461383049_1061400195990177_2856246241412222047_n.jpg"}

Fino ad oggi nell’organigramma della FC Alessandria rimaneva vuota la casella relativa al medico sociale. Da ora quella casella è occupata dal prestigioso nome del dr. Silvio Testa che torna così nel settore sanitario dei Grigi. Alessandrino, già primario di Chirurgia Generale all’Ospedale di Vercelli e presidente della società piemontese di Chirurgia, il dr. Testa [&hellip;]
