{"version":"1.0","provider_name":"Museo Grigio","provider_url":"https:\/\/www.museogrigio.it\/wp","author_name":"mgblogger","author_url":"https:\/\/www.museogrigio.it\/wp\/author\/mgblogger\/","title":"Cosa sarebbe stata la \u201cCremo\u201d senza Domenico Luzzara? - Museo Grigio","type":"rich","width":600,"height":338,"html":"<blockquote class=\"wp-embedded-content\" data-secret=\"sYJHqlCUJa\"><a href=\"https:\/\/www.museogrigio.it\/wp\/cosa-sarebbe-stata-la-cremo-senza-domenico-luzzara\/\">Cosa sarebbe stata la \u201cCremo\u201d senza Domenico Luzzara?<\/a><\/blockquote><iframe sandbox=\"allow-scripts\" security=\"restricted\" src=\"https:\/\/www.museogrigio.it\/wp\/cosa-sarebbe-stata-la-cremo-senza-domenico-luzzara\/embed\/#?secret=sYJHqlCUJa\" width=\"600\" height=\"338\" title=\"&#8220;Cosa sarebbe stata la \u201cCremo\u201d senza Domenico Luzzara?&#8221; &#8212; Museo Grigio\" data-secret=\"sYJHqlCUJa\" frameborder=\"0\" marginwidth=\"0\" marginheight=\"0\" scrolling=\"no\" class=\"wp-embedded-content\"><\/iframe><script type=\"text\/javascript\">\n\/* <![CDATA[ *\/\n\/*! This file is auto-generated *\/\n!function(d,l){\"use strict\";l.querySelector&&d.addEventListener&&\"undefined\"!=typeof URL&&(d.wp=d.wp||{},d.wp.receiveEmbedMessage||(d.wp.receiveEmbedMessage=function(e){var t=e.data;if((t||t.secret||t.message||t.value)&&!\/[^a-zA-Z0-9]\/.test(t.secret)){for(var s,r,n,a=l.querySelectorAll('iframe[data-secret=\"'+t.secret+'\"]'),o=l.querySelectorAll('blockquote[data-secret=\"'+t.secret+'\"]'),c=new RegExp(\"^https?:$\",\"i\"),i=0;i<o.length;i++)o[i].style.display=\"none\";for(i=0;i<a.length;i++)s=a[i],e.source===s.contentWindow&&(s.removeAttribute(\"style\"),\"height\"===t.message?(1e3<(r=parseInt(t.value,10))?r=1e3:~~r<200&&(r=200),s.height=r):\"link\"===t.message&&(r=new URL(s.getAttribute(\"src\")),n=new URL(t.value),c.test(n.protocol))&&n.host===r.host&&l.activeElement===s&&(d.top.location.href=t.value))}},d.addEventListener(\"message\",d.wp.receiveEmbedMessage,!1),l.addEventListener(\"DOMContentLoaded\",function(){for(var e,t,s=l.querySelectorAll(\"iframe.wp-embedded-content\"),r=0;r<s.length;r++)(t=(e=s[r]).getAttribute(\"data-secret\"))||(t=Math.random().toString(36).substring(2,12),e.src+=\"#?secret=\"+t,e.setAttribute(\"data-secret\",t)),e.contentWindow.postMessage({message:\"ready\",secret:t},\"*\")},!1)))}(window,document);\n\/\/# sourceURL=https:\/\/www.museogrigio.it\/wp\/wp-includes\/js\/wp-embed.min.js\n\/* ]]> *\/\n<\/script>\n","thumbnail_url":"https:\/\/www.museogrigio.it\/wp\/wp-content\/uploads\/2021\/11\/Domenico-Luzzara.jpg","thumbnail_width":500,"thumbnail_height":357,"description":"Domenico Luzzara simbolo di un calcio che non c\u2019\u00e8 pi\u00f9. Sono quindici anni che il Presidentissimo della Cremonese se ne \u00e8 andato. Ci\u00f2 che \u00e8 rimasto per\u00f2 \u00e8 il suo ricordo nel cuore dei tifosi e gli splendidi campionati con lui alla guida. Erano gli anni \u201960 e la Cremo vivacchiava in Terza Serie. Erano [&hellip;]"}

Domenico Luzzara simbolo di un calcio che non c’è più. Sono quindici anni che il Presidentissimo della Cremonese se ne è andato. Ciò che è rimasto però è il suo ricordo nel cuore dei tifosi e gli splendidi campionati con lui alla guida. Erano gli anni ’60 e la Cremo vivacchiava in Terza Serie. Erano [&hellip;]
